{"id":7618,"date":"2018-02-20T13:28:12","date_gmt":"2018-02-20T12:28:12","guid":{"rendered":"http:\/\/mycolacote.ch\/?page_id=7618"},"modified":"2025-03-23T16:38:48","modified_gmt":"2025-03-23T15:38:48","slug":"pratique","status":"publish","type":"page","link":"https:\/\/mycolacote.ch\/?page_id=7618","title":{"rendered":"Pratique"},"content":{"rendered":"<p><a href=\"http:\/\/mycolacote.ch\/wp-content\/uploads\/2021\/04\/Capture-d\u2019\u00e9cran-2021-04-30-\u00e0-15.17.07.png\"><img loading=\"lazy\" decoding=\"async\" class=\"size-full wp-image-7841 aligncenter\" alt=\"Capture d\u2019\u00e9cran 2021-04-30 \u00e0 15.17.07\" src=\"http:\/\/mycolacote.ch\/wp-content\/uploads\/2021\/04\/Capture-d\u2019\u00e9cran-2021-04-30-\u00e0-15.17.07.png\" width=\"576\" height=\"676\" srcset=\"https:\/\/mycolacote.ch\/wp-content\/uploads\/2021\/04\/Capture-d\u2019\u00e9cran-2021-04-30-\u00e0-15.17.07.png 576w, https:\/\/mycolacote.ch\/wp-content\/uploads\/2021\/04\/Capture-d\u2019\u00e9cran-2021-04-30-\u00e0-15.17.07-255x300.png 255w\" sizes=\"auto, (max-width: 576px) 100vw, 576px\" \/><\/a><\/p>\n<p>&nbsp;<\/p>\n<p>&nbsp;<\/p>\n<p style=\"text-align: center;\"><b><i>SOCIETE MYCOLOGIQUE DE LA COTE<\/i><\/b><\/p>\n<p style=\"text-align: center;\">La Socie\u0301te\u0301 mycologique de La Co\u0302te a pour but de grouper amicalement les amateurs de champignons et amis de la nature, d&rsquo;encourager la connaissance des champignons et de sauvegarder la flore fongique.<\/p>\n<p style=\"text-align: center;\">Elle organise des excursions qui sont suivies d&rsquo;une se\u0301ance de de\u0301termination sous la conduite des mycologues les plus avance\u0301s. En saison, le lundi soir est d\u00e9di\u00e9 a\u0300 l&rsquo;e\u0301tude dans le local du Colle\u0300ge des Perrerets a\u0300 Gland. Les membres les plus expe\u0301rimente\u0301s d\u00e9crivent par le d\u00e9tail, aident a\u0300 observer et a\u0300 de\u0301terminer les champignons. Une magnifique bibliothe\u0300que est a\u0300 disposition. Le travail a\u0300 la loupe binoculaire et au microsocope permet de distinguer les plus petits de\u0301tails du champignon.<\/p>\n<p style=\"text-align: center;\">La Socie\u0301te\u0301 est ouverte a\u0300 toutes les personnes inte\u0301resse\u0301es.<\/p>\n<p style=\"text-align: center;\">La cotisation annuelle est de Frs 50.- par membre individuel Frs 60.- par couple.<\/p>\n<p style=\"text-align: center;\">Une taxe d&rsquo;inscription unique de Frs 50.- est en outre demande\u0301e.<br \/>\nL&rsquo;abonnement au Bulletin suisse de Mycologie (facultatif) cou\u0302te Frs. 40.- par anne\u0301e.<\/p>\n<p style=\"text-align: center;\">Notre salle d&rsquo;e\u0301tude :<\/p>\n<p style=\"text-align: center;\">Ba\u0302timent B\/C 2e\u0300me e\u0301tage &#8211; Complexe scolaire des Perrerets<\/p>\n<p style=\"text-align: center;\">Rue de la Perroude 12<\/p>\n<p style=\"text-align: center;\">1196 Gland<\/p>\n<p style=\"text-align: center;\">\n<p style=\"text-align: center;\">Pour tout renseignement, n\u2019he\u0301sitez pas a\u0300 contacter:<br \/>\nle pre\u0301sident: Bernard Desponds, Rue de la Combe 6, 1196 Gland, te\u0301l. 022 364 34 53<\/p>\n<p style=\"text-align: center;\">e-mail : bldesponds@bluewin.ch, qui est e\u0301galement contro\u0302leur officiel des champignons (sur rdv uniquement)<\/p>\n<p style=\"text-align: center;\">ou a\u0300 la secre\u0301taire: Alice Houlmann, Chemin du Risoux 8, 1110 Morges, t\u00e9l. 079 103 50 07 e-mail: alice.houlmann@hotmail.co<\/p>\n<p><a href=\"http:\/\/mycolacote.ch\/wp-content\/uploads\/2021\/04\/Capture-d\u2019\u00e9cran-2021-04-30-\u00e0-15.17.07.png\"><img loading=\"lazy\" decoding=\"async\" class=\"size-full wp-image-7847 aligncenter\" style=\"font-family: -webkit-standard; caret-color: #000000; color: #000000;\" alt=\"Capture d\u2019\u00e9cran 2021-04-30 \u00e0 16.37.20\" src=\"http:\/\/mycolacote.ch\/wp-content\/uploads\/2018\/02\/Capture-d\u2019\u00e9cran-2021-04-30-\u00e0-16.37.20.png\" width=\"683\" height=\"488\" srcset=\"https:\/\/mycolacote.ch\/wp-content\/uploads\/2018\/02\/Capture-d\u2019\u00e9cran-2021-04-30-\u00e0-16.37.20.png 683w, https:\/\/mycolacote.ch\/wp-content\/uploads\/2018\/02\/Capture-d\u2019\u00e9cran-2021-04-30-\u00e0-16.37.20-300x214.png 300w\" sizes=\"auto, (max-width: 683px) 100vw, 683px\" \/><\/a><a href=\"http:\/\/mycolacote.ch\/wp-content\/uploads\/2018\/02\/Capture-d\u2019\u00e9cran-2021-04-30-\u00e0-16.23.29.png\"><img loading=\"lazy\" decoding=\"async\" class=\"size-large wp-image-7848 aligncenter\" alt=\"Capture d\u2019\u00e9cran 2021-04-30 \u00e0 16.23.29\" src=\"http:\/\/mycolacote.ch\/wp-content\/uploads\/2018\/02\/Capture-d\u2019\u00e9cran-2021-04-30-\u00e0-16.23.29.png\" width=\"691\" height=\"552\" srcset=\"https:\/\/mycolacote.ch\/wp-content\/uploads\/2018\/02\/Capture-d\u2019\u00e9cran-2021-04-30-\u00e0-16.23.29.png 691w, https:\/\/mycolacote.ch\/wp-content\/uploads\/2018\/02\/Capture-d\u2019\u00e9cran-2021-04-30-\u00e0-16.23.29-300x239.png 300w\" sizes=\"auto, (max-width: 691px) 100vw, 691px\" \/><\/a><img loading=\"lazy\" decoding=\"async\" class=\"size-full wp-image-7846 aligncenter\" style=\"caret-color: #000000; color: #000000; font-family: -webkit-standard;\" alt=\"Capture d\u2019\u00e9cran 2021-04-30 \u00e0 16.24.04\" src=\"http:\/\/mycolacote.ch\/wp-content\/uploads\/2018\/02\/Capture-d\u2019\u00e9cran-2021-04-30-\u00e0-16.24.04.png\" width=\"681\" height=\"524\" srcset=\"https:\/\/mycolacote.ch\/wp-content\/uploads\/2018\/02\/Capture-d\u2019\u00e9cran-2021-04-30-\u00e0-16.24.04.png 681w, https:\/\/mycolacote.ch\/wp-content\/uploads\/2018\/02\/Capture-d\u2019\u00e9cran-2021-04-30-\u00e0-16.24.04-300x230.png 300w\" sizes=\"auto, (max-width: 681px) 100vw, 681px\" \/><\/p>\n","protected":false},"excerpt":{"rendered":"<p>&nbsp; &nbsp; SOCIETE MYCOLOGIQUE DE LA COTE La Socie\u0301te\u0301 mycologique de La Co\u0302te a pour but de grouper amicalement les amateurs de champignons et amis de la nature, d&rsquo;encourager la connaissance des champignons et de sauvegarder la flore fongique. Elle organise des excursions qui sont&#8230;<\/p>\n","protected":false},"author":1,"featured_media":0,"parent":0,"menu_order":0,"comment_status":"open","ping_status":"open","template":"","meta":{"footnotes":""},"class_list":["post-7618","page","type-page","status-publish","hentry"],"yoast_head":"<!-- This site is optimized with the Yoast SEO plugin v26.9 - https:\/\/yoast.com\/product\/yoast-seo-wordpress\/ -->\n<title>Pratique - MycoLaCote<\/title>\n<meta name=\"robots\" content=\"index, follow, max-snippet:-1, max-image-preview:large, max-video-preview:-1\" \/>\n<link rel=\"canonical\" href=\"https:\/\/mycolacote.ch\/?page_id=7618\" \/>\n<meta property=\"og:locale\" content=\"fr_FR\" \/>\n<meta property=\"og:type\" content=\"article\" \/>\n<meta property=\"og:title\" content=\"Pratique - MycoLaCote\" \/>\n<meta property=\"og:description\" content=\"&nbsp; &nbsp; SOCIETE MYCOLOGIQUE DE LA COTE La Socie\u0301te\u0301 mycologique de La Co\u0302te a pour but de grouper amicalement les amateurs de champignons et amis de la nature, d&rsquo;encourager la connaissance des champignons et de sauvegarder la flore fongique. Elle organise des excursions qui sont...\" \/>\n<meta property=\"og:url\" content=\"https:\/\/mycolacote.ch\/?page_id=7618\" \/>\n<meta property=\"og:site_name\" content=\"MycoLaCote\" \/>\n<meta property=\"article:modified_time\" content=\"2025-03-23T15:38:48+00:00\" \/>\n<meta name=\"twitter:card\" content=\"summary_large_image\" \/>\n<meta name=\"twitter:label1\" content=\"Dur\u00e9e de lecture estim\u00e9e\" \/>\n\t<meta name=\"twitter:data1\" content=\"1 minute\" \/>\n<script type=\"application\/ld+json\" class=\"yoast-schema-graph\">{\"@context\":\"https:\/\/schema.org\",\"@graph\":[{\"@type\":\"WebPage\",\"@id\":\"https:\/\/mycolacote.ch\/?page_id=7618\",\"url\":\"https:\/\/mycolacote.ch\/?page_id=7618\",\"name\":\"Pratique - MycoLaCote\",\"isPartOf\":{\"@id\":\"https:\/\/mycolacote.ch\/#website\"},\"datePublished\":\"2018-02-20T12:28:12+00:00\",\"dateModified\":\"2025-03-23T15:38:48+00:00\",\"breadcrumb\":{\"@id\":\"https:\/\/mycolacote.ch\/?page_id=7618#breadcrumb\"},\"inLanguage\":\"fr-FR\",\"potentialAction\":[{\"@type\":\"ReadAction\",\"target\":[\"https:\/\/mycolacote.ch\/?page_id=7618\"]}]},{\"@type\":\"BreadcrumbList\",\"@id\":\"https:\/\/mycolacote.ch\/?page_id=7618#breadcrumb\",\"itemListElement\":[{\"@type\":\"ListItem\",\"position\":1,\"name\":\"Home\",\"item\":\"https:\/\/mycolacote.ch\/\"},{\"@type\":\"ListItem\",\"position\":2,\"name\":\"Pratique\"}]},{\"@type\":\"WebSite\",\"@id\":\"https:\/\/mycolacote.ch\/#website\",\"url\":\"https:\/\/mycolacote.ch\/\",\"name\":\"Myco La Cote\",\"description\":\"Soci\u00e9t\u00e9 Mycologique de La C\u00f4te - Suisse\",\"publisher\":{\"@id\":\"https:\/\/mycolacote.ch\/#organization\"},\"potentialAction\":[{\"@type\":\"SearchAction\",\"target\":{\"@type\":\"EntryPoint\",\"urlTemplate\":\"https:\/\/mycolacote.ch\/?s={search_term_string}\"},\"query-input\":{\"@type\":\"PropertyValueSpecification\",\"valueRequired\":true,\"valueName\":\"search_term_string\"}}],\"inLanguage\":\"fr-FR\"},{\"@type\":\"Organization\",\"@id\":\"https:\/\/mycolacote.ch\/#organization\",\"name\":\"Soci\u00e9t\u00e9 Mycologique de la Cote\",\"url\":\"https:\/\/mycolacote.ch\/\",\"logo\":{\"@type\":\"ImageObject\",\"inLanguage\":\"fr-FR\",\"@id\":\"https:\/\/mycolacote.ch\/#\/schema\/logo\/image\/\",\"url\":\"https:\/\/mycolacote.ch\/wp-content\/uploads\/2026\/02\/MycoLaCote-logo_black.png\",\"contentUrl\":\"https:\/\/mycolacote.ch\/wp-content\/uploads\/2026\/02\/MycoLaCote-logo_black.png\",\"width\":444,\"height\":137,\"caption\":\"Soci\u00e9t\u00e9 Mycologique de la Cote\"},\"image\":{\"@id\":\"https:\/\/mycolacote.ch\/#\/schema\/logo\/image\/\"}}]}<\/script>\n<!-- \/ Yoast SEO plugin. -->","yoast_head_json":{"title":"Pratique - MycoLaCote","robots":{"index":"index","follow":"follow","max-snippet":"max-snippet:-1","max-image-preview":"max-image-preview:large","max-video-preview":"max-video-preview:-1"},"canonical":"https:\/\/mycolacote.ch\/?page_id=7618","og_locale":"fr_FR","og_type":"article","og_title":"Pratique - MycoLaCote","og_description":"&nbsp; &nbsp; SOCIETE MYCOLOGIQUE DE LA COTE La Socie\u0301te\u0301 mycologique de La Co\u0302te a pour but de grouper amicalement les amateurs de champignons et amis de la nature, d&rsquo;encourager la connaissance des champignons et de sauvegarder la flore fongique. Elle organise des excursions qui sont...","og_url":"https:\/\/mycolacote.ch\/?page_id=7618","og_site_name":"MycoLaCote","article_modified_time":"2025-03-23T15:38:48+00:00","twitter_card":"summary_large_image","twitter_misc":{"Dur\u00e9e de lecture estim\u00e9e":"1 minute"},"schema":{"@context":"https:\/\/schema.org","@graph":[{"@type":"WebPage","@id":"https:\/\/mycolacote.ch\/?page_id=7618","url":"https:\/\/mycolacote.ch\/?page_id=7618","name":"Pratique - MycoLaCote","isPartOf":{"@id":"https:\/\/mycolacote.ch\/#website"},"datePublished":"2018-02-20T12:28:12+00:00","dateModified":"2025-03-23T15:38:48+00:00","breadcrumb":{"@id":"https:\/\/mycolacote.ch\/?page_id=7618#breadcrumb"},"inLanguage":"fr-FR","potentialAction":[{"@type":"ReadAction","target":["https:\/\/mycolacote.ch\/?page_id=7618"]}]},{"@type":"BreadcrumbList","@id":"https:\/\/mycolacote.ch\/?page_id=7618#breadcrumb","itemListElement":[{"@type":"ListItem","position":1,"name":"Home","item":"https:\/\/mycolacote.ch\/"},{"@type":"ListItem","position":2,"name":"Pratique"}]},{"@type":"WebSite","@id":"https:\/\/mycolacote.ch\/#website","url":"https:\/\/mycolacote.ch\/","name":"Myco La Cote","description":"Soci\u00e9t\u00e9 Mycologique de La C\u00f4te - Suisse","publisher":{"@id":"https:\/\/mycolacote.ch\/#organization"},"potentialAction":[{"@type":"SearchAction","target":{"@type":"EntryPoint","urlTemplate":"https:\/\/mycolacote.ch\/?s={search_term_string}"},"query-input":{"@type":"PropertyValueSpecification","valueRequired":true,"valueName":"search_term_string"}}],"inLanguage":"fr-FR"},{"@type":"Organization","@id":"https:\/\/mycolacote.ch\/#organization","name":"Soci\u00e9t\u00e9 Mycologique de la Cote","url":"https:\/\/mycolacote.ch\/","logo":{"@type":"ImageObject","inLanguage":"fr-FR","@id":"https:\/\/mycolacote.ch\/#\/schema\/logo\/image\/","url":"https:\/\/mycolacote.ch\/wp-content\/uploads\/2026\/02\/MycoLaCote-logo_black.png","contentUrl":"https:\/\/mycolacote.ch\/wp-content\/uploads\/2026\/02\/MycoLaCote-logo_black.png","width":444,"height":137,"caption":"Soci\u00e9t\u00e9 Mycologique de la Cote"},"image":{"@id":"https:\/\/mycolacote.ch\/#\/schema\/logo\/image\/"}}]}},"_links":{"self":[{"href":"https:\/\/mycolacote.ch\/index.php?rest_route=\/wp\/v2\/pages\/7618","targetHints":{"allow":["GET"]}}],"collection":[{"href":"https:\/\/mycolacote.ch\/index.php?rest_route=\/wp\/v2\/pages"}],"about":[{"href":"https:\/\/mycolacote.ch\/index.php?rest_route=\/wp\/v2\/types\/page"}],"author":[{"embeddable":true,"href":"https:\/\/mycolacote.ch\/index.php?rest_route=\/wp\/v2\/users\/1"}],"replies":[{"embeddable":true,"href":"https:\/\/mycolacote.ch\/index.php?rest_route=%2Fwp%2Fv2%2Fcomments&post=7618"}],"version-history":[{"count":14,"href":"https:\/\/mycolacote.ch\/index.php?rest_route=\/wp\/v2\/pages\/7618\/revisions"}],"predecessor-version":[{"id":8644,"href":"https:\/\/mycolacote.ch\/index.php?rest_route=\/wp\/v2\/pages\/7618\/revisions\/8644"}],"wp:attachment":[{"href":"https:\/\/mycolacote.ch\/index.php?rest_route=%2Fwp%2Fv2%2Fmedia&parent=7618"}],"curies":[{"name":"wp","href":"https:\/\/api.w.org\/{rel}","templated":true}]}}