{"id":8,"date":"2014-01-02T16:12:46","date_gmt":"2014-01-02T15:12:46","guid":{"rendered":"http:\/\/mycolacote.ch\/?page_id=8"},"modified":"2026-03-04T14:33:14","modified_gmt":"2026-03-04T13:33:14","slug":"activites","status":"publish","type":"page","link":"https:\/\/mycolacote.ch\/?page_id=8","title":{"rendered":"Activit\u00e9s"},"content":{"rendered":"<p style=\"font-weight: 400;\"><strong>PROGRAMME 2026<\/strong><\/p>\n<p style=\"font-weight: 400;\"><strong><u>27 avril (lundi):<\/u><\/strong> reprise des soir\u00e9es de d\u00e9termination. R\/V \u00e0 <strong>20 h<\/strong> au local du Coll\u00e8ge des Perrerets de Gland<\/p>\n<p style=\"font-weight: 400;\"><strong><u>29 avril (mercredi soir):<\/u><\/strong> pr\u00e9sentation (B. Desponds) des esp\u00e8ces int\u00e9ressantes de 2025. 19h30 \u00e0 Le Mont-sur-Lausanne. R\/V \u00e0 <strong>18h15 h<\/strong> au parking du Coll\u00e8ge des Perrerets \u00e0 Gland<\/p>\n<p style=\"font-weight: 400;\"><strong><u>2 mai (samedi):<\/u><\/strong> journ\u00e9e mycologique au lac de Bret <strong>(UVSM\/Inventaire)<\/strong>. Org. Mycojorat. R\/V \u00e0 <strong>8 h<\/strong> au parking du Coll\u00e8ge des Perrerets \u00e0 Gland, avec pique-nique. Rens.: B. Desponds (022 364 34 53)<\/p>\n<p style=\"font-weight: 400;\"><strong><u>16 mai (samedi):<\/u><\/strong> sortie myco-botanique au fil de La Promenthouse. R\/V \u00e0 <strong>10 h<\/strong> sur le parking du coll\u00e8ge des Perrerets \u00e0 Gland, avec votre pique-nique. Rens.: Bernard Desponds (022 364 34 53)<\/p>\n<p style=\"font-weight: 400;\"><strong><u>30 mai (samedi):<\/u><\/strong> sortie mycologique dans une for\u00eat de La C\u00f4te. R\/V \u00e0 <strong>10 h<\/strong> sur le parking du Coll\u00e8ge des Perrerets \u00e0 Gland avec votre pique-nique. Rens.: Bernard Desponds (022 364 34 53)<\/p>\n<p style=\"font-weight: 400;\"><strong><u>22 juin (lundi):<\/u><\/strong> derni\u00e8re soir\u00e9e de d\u00e9termination avant les vacances d&rsquo;\u00e9t\u00e9<\/p>\n<p style=\"font-weight: 400;\"><strong><u>27 juin (samedi):<\/u><\/strong> journ\u00e9e mycologique \u00e0 Bioley-Magnoux <strong>(UVSM\/Inventaire)<\/strong>. Org. Nord-Vaudois. R\/V \u00e0 <strong>8 h<\/strong> sur le parking du Coll\u00e8ge des Perrerets avec pique-nique. Rens.: Bernard Desponds (022 364 34 53)<\/p>\n<p style=\"font-weight: 400;\"><strong><u>23 ao\u00fbt (dimanche):<\/u><\/strong> sortie avec la Soci\u00e9t\u00e9 mycologique de Gen\u00e8ve vers les ruines de la Chartreuse d\u2019Oujon. R\/V \u00e0 <strong>9h30<\/strong> \u00e0 la gare d\u2019Arzier avec votre pique-nique. Rens.: Isabelle Favre (021 701 17 47 \/ 079 664 69 68)<\/p>\n<p style=\"font-weight: 400;\"><strong><u>24 ao\u00fbt (lundi):<\/u><\/strong> reprise des soir\u00e9es de d\u00e9termination. R\/V \u00e0 <strong>20 h<\/strong> au local du Coll\u00e8ge des Perrerets \u00e0 Gland<\/p>\n<p style=\"font-weight: 400;\"><strong><u>19 septembre (samedi):<\/u><\/strong> sortie avec la Soci\u00e9t\u00e9 mycologique de Gen\u00e8ve. R\/V \u00e0 <strong>9 h<\/strong> sur le parking du Coll\u00e8ge des Perrerets avec votre pique-nique. D\u00e9placement en voiture vers les bois de Saint-Oyens. Rens.: Bernard Desponds (022 364 34 53 ou <a href=\"mailto:bldesponds@bluewin.ch\">bldesponds@bluewin.ch<\/a>)<\/p>\n<p style=\"font-weight: 400;\"><strong><u>26 septembre (samedi)\u00a0:<\/u><\/strong> journ\u00e9e mycologique dans la for\u00eat de La Chan\u00e9az <strong>(UVSM\/Inventaire)<\/strong>. Org. Nord-Vaudois. R\/V \u00e0 <strong>8h<\/strong> au parking des Perrerets avec votre pique-nique. Rens.: B. Desponds (022 364 34 53)<\/p>\n<p style=\"font-weight: 400;\"><strong><u>25 au 27 septembre (vendredi \u00e0 dimanche)<\/u><\/strong><strong>:<\/strong> journ\u00e9es romandes de mycologie \u00e0 l\u2019Hostellerie Franciscaine de Saint-Maurice. Les d\u00e9butants sont bienvenus. Un encadrement est assur\u00e9 par des mycologues confirm\u00e9s. USSM. Inscription et renseignements: jean-jacques.roth@vsvp.com<\/p>\n<p style=\"font-weight: 400;\"><strong><u>10 octobre (samedi):<\/u><\/strong> sortie mycologique dans les bois de Yens. R\/V \u00e0 <strong>9h 30.<\/strong> sur le parking du Coll\u00e8ge des Perrerets avec pique-nique. Cabane foresti\u00e8re. Org.: Mycojorat. Rens.: Bernard Desponds (022 364 34 53)<\/p>\n<p style=\"font-weight: 400;\"><strong><u>31 octobre (samedi<\/u><\/strong>)<strong>:<\/strong> Journ\u00e9e mycologique au Mont-P\u00e9lerin <strong>(UVSM\/Inventaire)<\/strong>. Org. La Riviera. R\/V \u00e0 <strong>8h.<\/strong> sur le parking du coll\u00e8ge des Perrerets avec votre pique-nique. Rens.: Bernard Desponds (022 364 34 53)<\/p>\n<p style=\"font-weight: 400;\"><strong><u>7 novembre (samedi<\/u><\/strong><strong>):<\/strong> sortie dans une for\u00eat de la r\u00e9gion. R\/V \u00e0 <strong>10h<\/strong>. sur le parking du coll\u00e8ge des Perrerets avec votre pique-nique. Rens.: Bernard Desponds (022 364 34 53)<\/p>\n<p style=\"font-weight: 400;\"><strong><u>21 novembre (samedi):<\/u><\/strong> sortie familiale (r\u00e9serv\u00e9e aux membres) au refuge communal de Gland. Poulet grill\u00e9, salade, offert par la soci\u00e9t\u00e9. R\/V \u00e0 <strong>10 h<\/strong> sur place. <strong>Inscription jusqu&rsquo;au 15 novembre<\/strong> aupr\u00e8s de Th\u00e9o Vassiloudis (022 364 26 47 \/ 078 861 03 96 ou <u>theo.vassiloudis@span.ch<\/u>)<\/p>\n<p style=\"font-weight: 400;\"><strong><u>23 novembre (lundi):<\/u><\/strong> derni\u00e8re soir\u00e9e de d\u00e9termination avant l&rsquo;hiver<\/p>\n<p style=\"font-weight: 400;\"><strong><u>Mardi soir de l\u2019UVSM\u00a0: 12 mai, 15 septembre et 27 octobre.<\/u><\/strong> Jardin botanique de Lausanne \u00e0 20 h. R\/V au parking des Perrerets \u00e0 <strong>19h15<\/strong>. Rens.: Bernard Desponds (022 364 34 53 ou <u>bldesponds@bluewin.ch<\/u>)<\/p>\n<p style=\"font-weight: 400;\"><strong><u>6 f\u00e9vrier 2027 (samedi)\u00a0<\/u><\/strong>:\u00a0 AG \/ UVSM \u00e0 Cossonay<\/p>\n<p style=\"font-weight: 400;\">Pour plus de d\u00e9tails sur les sorties et les activit\u00e9s de la soci\u00e9t\u00e9 en g\u00e9n\u00e9ral, veuillez-vous adresser \u00e0 <strong>Bernard Desponds (022 364 34 53) <\/strong>ou vous informer le lundi soir au local ou encore consulter notre site internet <strong>www.mycolacote.ch<\/strong><\/p>\n<p style=\"font-weight: 400;\"><strong>La soci\u00e9t\u00e9 mycologique de La C\u00f4te d\u00e9cline toute responsabilit\u00e9 en cas d&rsquo;accident, \u00e0 l&rsquo;int\u00e9rieur d&rsquo;un b\u00e2timent comme \u00e0 l&rsquo;ext\u00e9rieur, survenu lors d&rsquo;un \u00e9v\u00e9nement de son programme annuel.<\/strong><\/p>\n<p style=\"font-weight: 400;\">\n<p style=\"font-weight: 400;\"><strong>\u00a0<\/strong><b><\/b><\/p>\n","protected":false},"excerpt":{"rendered":"<p>PROGRAMME 2026 27 avril (lundi): reprise des soir\u00e9es de d\u00e9termination. R\/V \u00e0 20 h au local du Coll\u00e8ge des Perrerets de Gland 29 avril (mercredi soir): pr\u00e9sentation (B. Desponds) des esp\u00e8ces int\u00e9ressantes de 2025. 19h30 \u00e0 Le Mont-sur-Lausanne. R\/V \u00e0 18h15 h au parking du&#8230;<\/p>\n","protected":false},"author":1,"featured_media":372,"parent":0,"menu_order":0,"comment_status":"open","ping_status":"open","template":"","meta":{"footnotes":""},"class_list":["post-8","page","type-page","status-publish","has-post-thumbnail","hentry"],"yoast_head":"<!-- This site is optimized with the Yoast SEO plugin v26.9 - https:\/\/yoast.com\/product\/yoast-seo-wordpress\/ -->\n<title>Activit\u00e9s - MycoLaCote<\/title>\n<meta name=\"robots\" content=\"index, follow, max-snippet:-1, max-image-preview:large, max-video-preview:-1\" \/>\n<link rel=\"canonical\" href=\"http:\/\/mycolacote.ch\/?page_id=8\" \/>\n<meta property=\"og:locale\" content=\"fr_FR\" \/>\n<meta property=\"og:type\" content=\"article\" \/>\n<meta property=\"og:title\" content=\"Activit\u00e9s - MycoLaCote\" \/>\n<meta property=\"og:description\" content=\"PROGRAMME 2026 27 avril (lundi): reprise des soir\u00e9es de d\u00e9termination. R\/V \u00e0 20 h au local du Coll\u00e8ge des Perrerets de Gland 29 avril (mercredi soir): pr\u00e9sentation (B. Desponds) des esp\u00e8ces int\u00e9ressantes de 2025. 19h30 \u00e0 Le Mont-sur-Lausanne. R\/V \u00e0 18h15 h au parking du...\" \/>\n<meta property=\"og:url\" content=\"http:\/\/mycolacote.ch\/?page_id=8\" \/>\n<meta property=\"og:site_name\" content=\"MycoLaCote\" \/>\n<meta property=\"article:modified_time\" content=\"2026-03-04T13:33:14+00:00\" \/>\n<meta property=\"og:image\" content=\"http:\/\/mycolacote.ch\/wp-content\/uploads\/2013\/10\/2.2.0.png\" \/>\n\t<meta property=\"og:image:width\" content=\"2000\" \/>\n\t<meta property=\"og:image:height\" content=\"461\" \/>\n\t<meta property=\"og:image:type\" content=\"image\/png\" \/>\n<meta name=\"twitter:card\" content=\"summary_large_image\" \/>\n<meta name=\"twitter:label1\" content=\"Dur\u00e9e de lecture estim\u00e9e\" \/>\n\t<meta name=\"twitter:data1\" content=\"3 minutes\" \/>\n<script type=\"application\/ld+json\" class=\"yoast-schema-graph\">{\"@context\":\"https:\/\/schema.org\",\"@graph\":[{\"@type\":\"WebPage\",\"@id\":\"http:\/\/mycolacote.ch\/?page_id=8\",\"url\":\"http:\/\/mycolacote.ch\/?page_id=8\",\"name\":\"Activit\u00e9s - MycoLaCote\",\"isPartOf\":{\"@id\":\"https:\/\/mycolacote.ch\/#website\"},\"primaryImageOfPage\":{\"@id\":\"http:\/\/mycolacote.ch\/?page_id=8#primaryimage\"},\"image\":{\"@id\":\"http:\/\/mycolacote.ch\/?page_id=8#primaryimage\"},\"thumbnailUrl\":\"https:\/\/mycolacote.ch\/wp-content\/uploads\/2013\/10\/2.2.0.png\",\"datePublished\":\"2014-01-02T15:12:46+00:00\",\"dateModified\":\"2026-03-04T13:33:14+00:00\",\"breadcrumb\":{\"@id\":\"http:\/\/mycolacote.ch\/?page_id=8#breadcrumb\"},\"inLanguage\":\"fr-FR\",\"potentialAction\":[{\"@type\":\"ReadAction\",\"target\":[\"http:\/\/mycolacote.ch\/?page_id=8\"]}]},{\"@type\":\"ImageObject\",\"inLanguage\":\"fr-FR\",\"@id\":\"http:\/\/mycolacote.ch\/?page_id=8#primaryimage\",\"url\":\"https:\/\/mycolacote.ch\/wp-content\/uploads\/2013\/10\/2.2.0.png\",\"contentUrl\":\"https:\/\/mycolacote.ch\/wp-content\/uploads\/2013\/10\/2.2.0.png\",\"width\":2000,\"height\":461},{\"@type\":\"BreadcrumbList\",\"@id\":\"http:\/\/mycolacote.ch\/?page_id=8#breadcrumb\",\"itemListElement\":[{\"@type\":\"ListItem\",\"position\":1,\"name\":\"Home\",\"item\":\"https:\/\/mycolacote.ch\/\"},{\"@type\":\"ListItem\",\"position\":2,\"name\":\"Activit\u00e9s\"}]},{\"@type\":\"WebSite\",\"@id\":\"https:\/\/mycolacote.ch\/#website\",\"url\":\"https:\/\/mycolacote.ch\/\",\"name\":\"Myco La Cote\",\"description\":\"Soci\u00e9t\u00e9 Mycologique de La C\u00f4te - Suisse\",\"publisher\":{\"@id\":\"https:\/\/mycolacote.ch\/#organization\"},\"potentialAction\":[{\"@type\":\"SearchAction\",\"target\":{\"@type\":\"EntryPoint\",\"urlTemplate\":\"https:\/\/mycolacote.ch\/?s={search_term_string}\"},\"query-input\":{\"@type\":\"PropertyValueSpecification\",\"valueRequired\":true,\"valueName\":\"search_term_string\"}}],\"inLanguage\":\"fr-FR\"},{\"@type\":\"Organization\",\"@id\":\"https:\/\/mycolacote.ch\/#organization\",\"name\":\"Soci\u00e9t\u00e9 Mycologique de la Cote\",\"url\":\"https:\/\/mycolacote.ch\/\",\"logo\":{\"@type\":\"ImageObject\",\"inLanguage\":\"fr-FR\",\"@id\":\"https:\/\/mycolacote.ch\/#\/schema\/logo\/image\/\",\"url\":\"https:\/\/mycolacote.ch\/wp-content\/uploads\/2026\/02\/MycoLaCote-logo_black.png\",\"contentUrl\":\"https:\/\/mycolacote.ch\/wp-content\/uploads\/2026\/02\/MycoLaCote-logo_black.png\",\"width\":444,\"height\":137,\"caption\":\"Soci\u00e9t\u00e9 Mycologique de la Cote\"},\"image\":{\"@id\":\"https:\/\/mycolacote.ch\/#\/schema\/logo\/image\/\"}}]}<\/script>\n<!-- \/ Yoast SEO plugin. -->","yoast_head_json":{"title":"Activit\u00e9s - MycoLaCote","robots":{"index":"index","follow":"follow","max-snippet":"max-snippet:-1","max-image-preview":"max-image-preview:large","max-video-preview":"max-video-preview:-1"},"canonical":"http:\/\/mycolacote.ch\/?page_id=8","og_locale":"fr_FR","og_type":"article","og_title":"Activit\u00e9s - MycoLaCote","og_description":"PROGRAMME 2026 27 avril (lundi): reprise des soir\u00e9es de d\u00e9termination. R\/V \u00e0 20 h au local du Coll\u00e8ge des Perrerets de Gland 29 avril (mercredi soir): pr\u00e9sentation (B. Desponds) des esp\u00e8ces int\u00e9ressantes de 2025. 19h30 \u00e0 Le Mont-sur-Lausanne. R\/V \u00e0 18h15 h au parking du...","og_url":"http:\/\/mycolacote.ch\/?page_id=8","og_site_name":"MycoLaCote","article_modified_time":"2026-03-04T13:33:14+00:00","og_image":[{"width":2000,"height":461,"url":"http:\/\/mycolacote.ch\/wp-content\/uploads\/2013\/10\/2.2.0.png","type":"image\/png"}],"twitter_card":"summary_large_image","twitter_misc":{"Dur\u00e9e de lecture estim\u00e9e":"3 minutes"},"schema":{"@context":"https:\/\/schema.org","@graph":[{"@type":"WebPage","@id":"http:\/\/mycolacote.ch\/?page_id=8","url":"http:\/\/mycolacote.ch\/?page_id=8","name":"Activit\u00e9s - MycoLaCote","isPartOf":{"@id":"https:\/\/mycolacote.ch\/#website"},"primaryImageOfPage":{"@id":"http:\/\/mycolacote.ch\/?page_id=8#primaryimage"},"image":{"@id":"http:\/\/mycolacote.ch\/?page_id=8#primaryimage"},"thumbnailUrl":"https:\/\/mycolacote.ch\/wp-content\/uploads\/2013\/10\/2.2.0.png","datePublished":"2014-01-02T15:12:46+00:00","dateModified":"2026-03-04T13:33:14+00:00","breadcrumb":{"@id":"http:\/\/mycolacote.ch\/?page_id=8#breadcrumb"},"inLanguage":"fr-FR","potentialAction":[{"@type":"ReadAction","target":["http:\/\/mycolacote.ch\/?page_id=8"]}]},{"@type":"ImageObject","inLanguage":"fr-FR","@id":"http:\/\/mycolacote.ch\/?page_id=8#primaryimage","url":"https:\/\/mycolacote.ch\/wp-content\/uploads\/2013\/10\/2.2.0.png","contentUrl":"https:\/\/mycolacote.ch\/wp-content\/uploads\/2013\/10\/2.2.0.png","width":2000,"height":461},{"@type":"BreadcrumbList","@id":"http:\/\/mycolacote.ch\/?page_id=8#breadcrumb","itemListElement":[{"@type":"ListItem","position":1,"name":"Home","item":"https:\/\/mycolacote.ch\/"},{"@type":"ListItem","position":2,"name":"Activit\u00e9s"}]},{"@type":"WebSite","@id":"https:\/\/mycolacote.ch\/#website","url":"https:\/\/mycolacote.ch\/","name":"Myco La Cote","description":"Soci\u00e9t\u00e9 Mycologique de La C\u00f4te - Suisse","publisher":{"@id":"https:\/\/mycolacote.ch\/#organization"},"potentialAction":[{"@type":"SearchAction","target":{"@type":"EntryPoint","urlTemplate":"https:\/\/mycolacote.ch\/?s={search_term_string}"},"query-input":{"@type":"PropertyValueSpecification","valueRequired":true,"valueName":"search_term_string"}}],"inLanguage":"fr-FR"},{"@type":"Organization","@id":"https:\/\/mycolacote.ch\/#organization","name":"Soci\u00e9t\u00e9 Mycologique de la Cote","url":"https:\/\/mycolacote.ch\/","logo":{"@type":"ImageObject","inLanguage":"fr-FR","@id":"https:\/\/mycolacote.ch\/#\/schema\/logo\/image\/","url":"https:\/\/mycolacote.ch\/wp-content\/uploads\/2026\/02\/MycoLaCote-logo_black.png","contentUrl":"https:\/\/mycolacote.ch\/wp-content\/uploads\/2026\/02\/MycoLaCote-logo_black.png","width":444,"height":137,"caption":"Soci\u00e9t\u00e9 Mycologique de la Cote"},"image":{"@id":"https:\/\/mycolacote.ch\/#\/schema\/logo\/image\/"}}]}},"_links":{"self":[{"href":"https:\/\/mycolacote.ch\/index.php?rest_route=\/wp\/v2\/pages\/8","targetHints":{"allow":["GET"]}}],"collection":[{"href":"https:\/\/mycolacote.ch\/index.php?rest_route=\/wp\/v2\/pages"}],"about":[{"href":"https:\/\/mycolacote.ch\/index.php?rest_route=\/wp\/v2\/types\/page"}],"author":[{"embeddable":true,"href":"https:\/\/mycolacote.ch\/index.php?rest_route=\/wp\/v2\/users\/1"}],"replies":[{"embeddable":true,"href":"https:\/\/mycolacote.ch\/index.php?rest_route=%2Fwp%2Fv2%2Fcomments&post=8"}],"version-history":[{"count":68,"href":"https:\/\/mycolacote.ch\/index.php?rest_route=\/wp\/v2\/pages\/8\/revisions"}],"predecessor-version":[{"id":8752,"href":"https:\/\/mycolacote.ch\/index.php?rest_route=\/wp\/v2\/pages\/8\/revisions\/8752"}],"wp:featuredmedia":[{"embeddable":true,"href":"https:\/\/mycolacote.ch\/index.php?rest_route=\/wp\/v2\/media\/372"}],"wp:attachment":[{"href":"https:\/\/mycolacote.ch\/index.php?rest_route=%2Fwp%2Fv2%2Fmedia&parent=8"}],"curies":[{"name":"wp","href":"https:\/\/api.w.org\/{rel}","templated":true}]}}